is -2 - -3?
1
In base 11, what is 237 + -16?
221
In base 14, what is -ca - -6?
-c4
In base 6, what is 123 - 325?
-202
In base 3, what is -2 + -11?
-20
In base 13, what is 5 - 1617?
-1612
In base 13, what is -4 - 68?
-6c
In base 3, what is 111212 - 1?
111211
In base 10, what is 4 - 1102?
-1098
In base 12, what is 3 - 255?
-252
In base 8, what is -11 + -66?
-77
In base 10, what is -5 - 1893?
-1898
In base 15, what is 0 - -2b3?
2b3
In base 7, what is -3 + 10366?
10363
In base 9, what is 1 - -1368?
1370
In base 9, what is 3 - 128?
-125
In base 15, what is 5c + -5?
57
In base 3, what is 2 - -2110211?
2110220
In base 16, what is 4e + -1?
4d
In base 7, what is -613 + 20?
-563
In base 10, what is -2 - -10?
8
In base 7, what is 6 + 2432?
2441
In base 6, what is 5221 + -5?
5212
In base 9, what is 3207 + 0?
3207
In base 16, what is 3c9 + 3?
3cc
In base 15, what is -13 - -4?
-e
In base 16, what is 1 + -14?
-13
In base 4, what is 1 + 20312?
20313
In base 5, what is 1240 + 2?
1242
In base 8, what is 10 + -4676?
-4666
In base 3, what is 1 - -10222?
11000
In base 2, what is 100 + -10?
10
In base 12, what is -1 + -10?
-11
In base 8, what is 110 - -2?
112
In base 14, what is -74 + 9?
-69
In base 2, what is -101 + -100000?
-100101
In base 10, what is -7508 - -3?
-7505
In base 3, what is -21 - -22?
1
In base 16, what is 276 + -2?
274
In base 15, what is 3 - -67?
6a
In base 3, what is 10 + 102002021?
102002101
In base 8, what is -737 - -1?
-736
In base 12, what is -4 + -511?
-515
In base 15, what is 6 - 23?
-1c
In base 7, what is -1246 + 1?
-1245
In base 6, what is 4 + -2431?
-2423
In base 6, what is 40 - 1321?
-1241
In base 14, what is 1c + 12?
30
In base 8, what is -6 - -2630?
2622
In base 14, what is 267 + -5?
262
In base 7, what is 2 + -42?
-40
In base 16, what is -90 + -11?
-a1
In base 2, what is -110110011111 - -11?
-110110011100
In base 12, what is 6 + -66?
-60
In base 10, what is -17 + -2?
-19
In base 15, what is -17 - 2?
-19
In base 3, what is 10120120 + 12?
10120202
In base 8, what is 102 - 17?
63
In base 9, what is 4 - -22?
26
In base 4, what is 2132021 + -11?
2132010
In base 8, what is -25 - -117?
72
In base 6, what is -510 - -3?
-503
In base 4, what is -1 + -1102?
-1103
In base 2, what is -1000 - 100011111?
-100100111
In base 7, what is 3 + 25122?
25125
In base 8, what is 7370 + -2?
7366
In base 7, what is 35 + 51?
116
In base 10, what is 119 + -3?
116
In base 6, what is -204 + 3?
-201
In base 5, what is -13 - -21?
3
In base 16, what is 26 - 11?
15
In base 4, what is -3 + 123?
120
In base 14, what is 5601 - 3?
55dc
In base 8, what is -1 - -2066?
2065
In base 2, what is 11011111 - 1010?
11010101
In base 12, what is 3 + 2a?
31
In base 4, what is 10 + -330?
-320
In base 16, what is -2d + -3?
-30
In base 3, what is 120112 + 100?
120212
In base 7, what is 1 + -55?
-54
In base 15, what is 5 - -b6?
bb
In base 6, what is -13 + 115?
102
In base 10, what is 11 + 8?
19
In base 10, what is 10 - -4?
14
In base 6, what is -5 + 1343?
1334
In base 16, what is 40 - 1?
3f
In base 5, what is 22 + 14?
41
In base 6, what is 31 - 0?
31
In base 3, what is 21220200 + -12?
21220111
In base 7, what is 224 + 232?
456
In base 11, what is -1 + 1939?
1938
In base 13, what is 15 + -1?
14
In base 10, what is -75 + 169?
94
In base 16, what is 3 - -1c2a?
1c2d
In base 4, what is 332 - -102?
1100
In base 16, what is -32 + f1?
bf
In base 13, what is c + -11?
-2
In base 16, what is -5e - 3f?
-9d
In base 14, what is 56 - -1?
57
In base 9, what is -42 + 15?
-26
In base 8, what is 13 - -2163?
2176
In base 16, what is 2 + 748?
74a
In base 8, what is -701 + 2?
-677
In base 4, what is -10323 + -3?
-10332
In base 11, what is 4 - -2483?
2487
In base 13, what is -1 + -284?
-285
In base 16, what is 16 - a?
c
In base 12, what is 34aa + -2?
34a8
In base 2, what is 10001110 + 100?
10010010
In base 7, what is 4 - 122?
-115
In base 7, what is -16 - 5?
-24
In base 12, what is b - 0?
b
In base 2, what is 11000011101 + 1011?
11000101000
In base 8, what is -1 - -560?
557
In base 7, what is 10 - -345?
355
In base 9, what is -24 + 451?
426
In base 15, what is -4 + -b14?
-b18
In base 5, what is -1221 - 0?
-1221
In base 13, what is -1 + -29b?
-29c
In base 16, what is 75 - 3?
72
In base 10, what is 262 - 5?
257
In base 15, what is -7 + -1a9?
-1b1
In base 16, what is 9 - 195?
-18c
In base 12, what is 4320 + 2?
4322
In base 4, what is 130311 + -1?
130310
In base 5, what is 10 + -322?
-312
In base 3, what is 11002 + -22?
10210
In base 8, what is -25 - 0?
-25
In base 5, what is 1 + -12303?
-12302
In base 7, what is 10 - -35?
45
In base 16, what is 172 - -5?
177
In base 9, what is -3 + 375?
372
In base 12, what is 16 + -5?
11
In base 10, what is 1308 - -5?
1313
In base 10, what is -16 + -10?
-26
In base 2, what is -1 + 10000010?
10000001
In base 3, what is 2002 + 220002?
222011
In base 12, what is -44 - 5?
-49
In base 4, what is 30321 - 11?
30310
In base 11, what is -61 - 9?
-6a
In base 3, what is 220010 - 11?
212222
In base 9, what is 3 + 262?
265
In base 6, what is -20 + 4?
-12
In base 3, what is -20101 + 0?
-20101
In base 9, what is -5 - 443?
-448
In base 15, what is -85 + 2?
-83
In base 9, what is 54 + -1?
53
In base 14, what is b + 63?
70
In base 10, what is -40 + -7?
-47
In base 7, what is -2026 + -5?
-2034
In base 13, what is -118a - -2?
-1188
In base 13, what is 1 - 2a?
-29
In base 10, what is -2 - -4918?
4916
In base 9, what is 3 + -61?
-57
In base 8, what is 3 + 7213?
7216
In base 3, what is -1002 + -11?
-1020
In base 2, what is -111110100 - 0?
-111110100
In base 7, what is 44 + -1?
43
In base 10, what is -5 - -1533?
1528
In base 12, what is -232 + -1?
-233
In base 8, what is -745 - -1?
-744
In base 15, what is -3 - 6?
-9
In base 13, what is -1 + -662?
-663
In base 7, what is -554 + 2?
-552
In base 2, what is -10 + 110101?
110011
In base 4, what is 1332 - -10?
2002
In base 6, what is 243034 + -1?
243033
In base 2, what is -1010011010111 + 100?
-1010011010011
In base 10, what is -4 + -205?
-209
In base 10, what is -244 - 5?
-249
In base 6, what is -5 + -2005?
-2014
In base 6, what is 0 + 440?
440
In base 9, what is 25 - -1?
26
In base 10, what is 2 + 35?
37
In base 4, what is 1032 + 103?
1201
In base 14, what is -1 + 435?
434
In base 9, what is -14 + -150?
-164
In base 6, what is -5535 + -2?
-5541
In base 8, what is 15 - 301?
-264
In base 8, what is 707 - 13?
674
In base 3, what is -11101000 + 11?
-11100212
In base 15, what is -1b22 + -5?
-1b27
In base 6, what is -53 + -134?
-231
In base 7, what is -1 + 21?
20
In base 6, what is 0 - 224?
-224
In base 3, what is 221 - 10?
211
In base 12, what is 1 - -46?
47
In base 6, what is 11 - -141?
152
In base 8, what is 2 + -12453?
-12451
In base 8, what is -1612 - -2?
-1610
In base 4, what is -11 + -200010?
-200021
In base 12, what is 17a + -7?
173
In base 9, what is -145 - 3?
-148
In base 3, what is 0 - -21010?
21010
In base 11, what is 80 + -17?
64
In base 8, what is -465 - 3?
-470
In base 2, what is 0 - -1010?
1010
In base 5, what is 4 + 122?
131
In base 14, what is -41a - 2?
-41c
In base 6, what is -144124 + -5?
-144133
In base 9, what is 105 + -1?
104
In base 15, what is -3 + -11b?
-11e
In base 4, what is 10 + 3310?
3320
In base 7, what is 2262 + -12?
2250
In base 15, what is 12 + 210?
222
In base 16, what is -1e7 + 0?
-1e7
In base 2, what is 0 + 111011100001?
111011100001
In base 7, what is -12214 + 5?
-12206
In base 12, what is 16 + 9?
23
In base 14, what is 8 - 7b?
-73
In base 11, what is 2 - 393?
-391
In base 6, what is -23145 + 1?
-23144
In base 14, what is 23 - 1c1?
-19c
In base 6, what is 4003 - -5?
4012
In base 14, what is -60d + 0?
-60d
In base 16, what is 241 - -5?
246
In base 5, what is 321 + 1143?
2014
In base 15, what is -5 + -11cb?
-11d1
In base 16, what is da - -f?
e9
In base 13, what is -205 + 60?
-175
In base 12, what is -24a - 0?
-24a
In base 13, what is 35 - 5?
30
In base 13, what is 2 - -11?
13
In base 13, what is -2b6 - -5?
-2b1
In base 6, what is 1421 + -5?
1412
In base 12, what is -2 + -466?
-468
In base 3, what is -1 + 20201?
20200
In base 15, what is 10 - c2?
-b2
In base 14, what is -2c - -8?
-24
In base 3, what is 21 + -1?
20
In base 7, what is -11031 - -1?
-11030
In base 16, what is -18b - 21?
-1ac
In base 3, what is 20012 + -11?
20